 -r**3 + 5*r**2 + 1 - 5*r + 3 + 6*r**2 - 6*r**v. Let i = -9 + 13. Calculate z(i).
0
Let s = -55 + 51. Let x(q) = 3*q - 3. Let y(z) = -z + 1. Suppose -2 = 3*o - o. Let r(k) = o*x(k) - 4*y(k). Give r(s).
-5
Let v be 2/(-1 + 5/4). Let n(a) = -a**2 - 3*a + 3. Let m(z) = z**2 + 5*z - 5. Let o(p) = v*n(p) + 5*m(p). Give o(1).
-3
Let q(r) = -r**3 - 2*r**2 + 5*r - 3. Let x(g) = -g**3 - 6*g**2 - 2 - 2 + g - 4*g - 2*g. Let o be x(-5). Calculate q(o).
9
Let w(c) = c**3 + c**2 + 1. Let y(d) = 6*d**3 + 11*d**2 + 5*d + 7. Let n(x) = 5*w(x) - y(x). Let m be 2/(-4) + 36/(-8). Determine n(m).
-2
Let o be 4/(-8) - -2*(-15)/(-36). Let p(b) be the first derivative of 3 + 2*b - o*b**3 - b**2. Determine p(-4).
-6
Let a be 26 - (2*6)/4. Suppose 5*y - 35 = -4*c - c, 3*c + 4*y = a. Let s(r) be the first derivative of -r**3/3 + 3*r**2 - 4*r + 2. Determine s(c).
1
Let y(l) be the third derivative of l**6/120 - l**5/10 + l**4/4 - 5*l**3/6 - 12*l**2. Determine y(5).
0
Let j(r) = 2*r**2 + 6*r + 1. Suppose b = -b + 4. Suppose 5*l + 0*t = -5*t + 225, -2*l + b*t + 78 = 0. Suppose -h - 5*u = -21, -h + 13 - l = -5*u. What is j(h)?
9
Let w(i) = -i + 2. Let l be w(1). Let m(k) = 0 - l - 2 - k. What is m(-2)?
-1
Let k(r) = -11*r - 14. Let o(b) be the third derivative of 7*b**4/24 + 3*b**3/2 + b**2. Let g(a) = 5*k(a) + 8*o(a). Calculate g(-5).
-3
Let w(d) = d**3 + 3*d**2 - 4*d - 6. Suppose -12 = 5*p - 32. Let r(t) = -t + 1. Let s be r(-2). Suppose 0 = s*f - 0*l + 3*l, f = -p*l + 12. Calculate w(f).
-6
Let o(b) be the second derivative of -b**3/6 - b**2/2 - 15*b. Determine o(-5).
4
Let b be (3/(-9)*0 + -1)*3. Let o(k) = 0*k + 6*k - 2*k + 3. Give o(b).
-9
Let a(y) = -2*y - 8. Let q = -40 + 33. Calculate a(q).
6
Let b(n) be the first derivative of n**2/2 - 4*n - 11. Give b(0).
-4
Let r(l) = 10*l - 1. Let b(o) = 5*o. Let x(s) = 5*b(s) - 2*r(s). Let n be (-2)/((6/9)/1). Give x(n).
-13
Let n be ((-2)/(-3))/(4/(-30)). Let p(s) be the first derivative of -s**4/4 - 2*s**3 - 2*s**2 + 1. Let y be p(n). Let t(x) = -x - 2. Calculate t(y).
3
Let t(n) = n**3 - 4*n**2 - 3*n - 5. Let r(i) = -i - 1. Suppose -2*f = 5*o - 8, -3*f + 6*f + 2 = -4*o. Let v be r(f). Calculate t(v).
5
Let i(l) = -l - 1. Let h(p) = -p - 1. Suppose 0 = -2*s - 4. Let g(k) = s*i(k) + 3*h(k). Calculate g(1).
-2
Let v(q) = -q + 4. Let m be v(2). Let f(u) = 1 - 6 + m*u + 2 + 1. Suppose -3*i + 9 = -0*i. What is f(i)?
4
Let f(d) be the second derivative of -d**5/20 + d**4/2 - d**3/6 - 5*d**2/2 + 7*d. Give f(6).
-11
Let g be ((0 - 1)/1)/(-1). Let z(v) = -v**2 - 1 - 1 - v**2 - 2*v + 3. Determine z(g).
-3
Let m(r) = r**3 - 4*r**2 + 4*r - 2. Let z(a) be the first derivative of a**4/4 + 5*a**3/3 - a**2 - 7*a + 1. Let t be z(-5). What is m(t)?
1
Let v(t) = -t**3 + 3*t**2 - 2*t. Let j(r) = -3 - 3 + 2*r - 2 + 4. Let d be j(3). Calculate v(d).
0
Let h(v) = 4*v**3 + 11*v**2 + 3*v + 21. Let z(n) = n**3 + 3*n**2 + n + 5. Let u(r) = -2*h(r) + 9*z(r). Determine u(-3).
12
Let g = -7 - -2. Let r(m) = -4*m - 6. Let y(v) = -3*v - 5. Let k(h) = -4*r(h) + 5*y(h). Give k(g).
-6
Let a = -7 + 19. Suppose a = 3*z + 3*u, 4*z - 3*z = u - 4. Suppose -3*m + z*m - 15 = 0. Let k(s) = -s**2 - 4*s + 1. Determine k(m).
-4
Let u(d) = -1 + 10*d**3 - 4*d**2 - 20*d**3 + 2*d**2 + 11*d**3 - 4*d. Let t(n) = n**2 + 2*n + 3. Let m be t(-2). Determine u(m).
-4
Let l(o) = o**2 - 2 + 6*o + 4 + 4. Let r = -13 - 3. Let w = r - -11. Calculate l(w).
1
Let q(m) be the second derivative of -m**4/6 - 2*m**3/3 + m**2/2 + 2*m. Let z = -2 - -3. Suppose z = -a - i - 0, -a + i = 5. Give q(a).
-5
Let d = -5 - 0. Let x(f) = -f**3 - 5*f**2 - 2*f - 3. Give x(d).
7
Let t(q) = q**3 + 5*q**2 - 3*q - 7. Let c = -74 + 69. Give t(c).
8
Let n be (-2)/8 - 42/(-8). Let v(q) be the second derivative of q**3/6 - 7*q**2/2 + 6*q. Determine v(n).
-2
Let p(g) be the second derivative of -g**5/20 + 5*g**4/12 - 5*g**3/6 + 2*g**2 + 2*g + 17. What is p(3)?
7
Let g(x) = -2*x + 6. Let z(j) = j**2 - 16*j + 9. Let h be z(15). Determine g(h).
18
Let r(j) = j**3 + 5*j**2. Let g = 22 + -27. Determine r(g).
0
Let f(g) = -g**2 + 5*g + 7. Let j(m) = -m - 19. Let w be j(-13). Let d be w/(-1) + (-1 - -1). Determine f(d).
1
Let k(j) be the third derivative of 3*j**2 + 0 - 1/8*j**4 + 0*j + 1/6*j**3 + 1/60*j**5. Let p be k(4). Let i(c) = c**2 - 4*c + 3. What is i(p)?
8
Let t(z) = -6*z. Let s be t(1). Let l = -2 - s. Let j(k) be the third derivative of k**5/60 - k**4/8 - k**3/2 + k**2. What is j(l)?
1
Let r(b) = -b**2 + b + 1. Let k(x) = -x**2 - 9*x - 3. Let n(u) = -k(u) + 2*r(u). Let m be n(11). Let h(l) = l**2 - 3*l - 1. What is h(m)?
9
Let b(c) = c**2 - 5*c + 2. Let j(k) = -k**2 - 8*k + 8. Let n be j(-8). Let p be ((-6)/(-10))/(n/80). Give b(p).
8
Let j(z) be the third derivative of 2*z**2 - 1/6*z**4 + 0*z - 1/6*z**3 + 0 + 1/120*z**5. Let a(c) be the first derivative of j(c). Give a(3).
-1
Suppose 3*l + q + 0 = 15, -30 = -2*l + 6*q. Let j(c) = 5*c - 1. Let f(a) = 14*a - 4. Let b(i) = -4*f(i) + 11*j(i). Calculate b(l).
-1
Let n(z) = -2*z**2 - 3*z - 3. Let s = 118 + -121. Determine n(s).
-12
Let t(z) = -4*z - 6*z**2 + z + 6 + 0*z + z - z**3. Calculate t(-5).
-9
Let s = 5 + -11. Let j(g) = 7*g**3 + 6*g**2 - 3*g + 4. Let v(f) = 9*f**3 + 6*f**2 - 4*f + 4. Let m(b) = -4*j(b) + 3*v(b). Calculate m(s).
-4
Suppose -4 = 5*l + 1. Let y be ((-2)/(-6))/(l/(-12)). Let x(g) = g**2 - 6*g + 2. What is x(y)?
-6
Let a = 23 - 17. Let f(t) = t**3 - 7*t**2 + 6*t + 6. Determine f(a).
6
Let o(y) = 19*y + y**2 - 10*y**2 + 2*y**2 - 12. Let j(h) = 3*h**2 + 9*h - 4*h**2 - 6 - 2*h**2. Let t(v) = 5*j(v) - 2*o(v). What is t(5)?
4
Let s(f) = f + 9. Let b(o) = -o**3 + 5*o**2 - 2*o + 3. Let p be b(5). Determine s(p).
2
Let r(x) = x**2 + 2*x + 7*x - 2*x + 8 + 2*x. Give r(-8).
0
Let r(q) = q**3 - 6*q**2 + q - 5. Let x(v) = -v**3 - 12*v**2 - 12*v - 5. Let w be x(-11). Determine r(w).
1
Let w(u) = 2*u**2 + 3*u + 2. Suppose -7*g = f - 5*g - 6, 2*f - 12 = 3*g. Suppose f = 4*r - 6. Suppose -15 = r*s - 6. What is w(s)?
11
Suppose -3 = -c - 4. Let n(t) = -t + 0*t - 4*t**2 + 2*t**2. Give n(c).
-1
Let p(i) be the first derivative of -i**3/3 - 2*i**2 + 5*i + 1. Let l be -2*((-18)/(-3) - 3). Calculate p(l).
-7
Let j(l) = l**3 - 4*l - 4 + 2*l + 5. What is j(2)?
5
Let h(l) = -2*l**2 + 7*l + 1. Let x(u) = -u**2 + 3*u. Let g(c) = 2*h(c) - 5*x(c). Calculate g(2).
4
Let g(v) = 26*v**2 + 2*v + 1. Let r(d) = d**3 - 23*d**2 - 2*d + 45. Let l be r(23). What is g(l)?
25
Let o = 127 - 119. Let h(m) = -m**2 + 9*m + 2. Calculate h(o).
10
Let t(y) = -4*y + 2. Let i(k) = -2*k + 1. Let g = 12 - 10. Let v(x) = g*t(x) - 5*i(x). Determine v(-3).
-7
Let z(v) be the third derivative of 0 + 0*v - 4*v**2 + 5/6*v**3 - 1/24*v**4 - 1/60*v**5. Determine z(0).
5
Let h(b) be the second derivative of b**4/12 + 4*b**3/3 + 9*b**2/2 - b. Suppose -4*y = 2*d + 17 + 1, 1 = 2*y + 3*d. Calculate h(y).
2
Let o(i) = 5*i**2 - 2*i + 1. Suppose 0 = -5*u + 7 - 2. Let h be o(u). Let a(c) = 2*c**2 - 5*c - 4. Determine a(h).
8
Let p be (-1)/(1 + 0/(-3)). Let m be -2 - p - (-1 + -5). Let c(b) = 5*b**2 - b**3 - b + 0*b + 0*b. What is c(m)?
-5
Let y be (-184)/(-10) + 6/10. Let i = 15 - y. Let m(k) = 2*k**2 - k + 5. Let r(v) = -3*v**2 + 3*v - 10. Let w(d) = 5*m(d) + 3*r(d). Give w(i).
-5
Let o(h) = h. Let g be o(0). Let m = 13 - 7. Let r(d) = 3 - d**2 - 4*d + m*d + g + 0*d. What is r(-2)?
-5
Suppose 2*r + 2 = -4*g, 4*g = r + g + 6. Let c(j) = j + j - 1 + 0*j. Give c(r).
-7
Let z(h) = -h + 1. Let s be z(6). Let m(a) = -2*a - 1. Give m(s).
9
Suppose 5*s - 1 = 29. Let u(i) = -4*i**2 + 0*i**3 - 7 - 2*i**2 + i**3. Give u(s).
-7
Suppose 15 = -6*p + 51. Let y(h) = -h + 7. Determine y(p).
1
Let g(i) be the first derivative of 2*i + 3/2*i**2 + 2. Determine g(-3).
-7
Let s(z) = z**3 - 4*z**2 - 1. Let p = 81 - 77. Determine s(p).
-1
Let o(n) = 2*n + 2. Suppose -10*u + 24 = -4*u. What is o(u)?
10
Let g = -4 - -6. Let j(l) = 4*l + 0 - l**2 - 1 + 0*l**g. Let o be j(3). Let v(c) = -5*c + 2. Give v(o).
-8
Let d(h) = -16*h**3 + 30*h**2 + 10*h - 56. Let m(y) = -3*y**3 + 6*y**2 + 2*y - 11. Let z(b) = 2*d(b) - 11*m(b). Determine z(6).
-3
Let p = 2 - 2. Let m = 2 + p. Let o be (m + -6)*15/20. Let l(s) = -s**2 - 2*s + 2. Give l(o).
-1
Let i(w) = w - 3. Let m(b) = 2*b - 7. Let z(v) = 7*i(v) - 4*m(v). Calculate z(0).
7
Let c be 9/(((-6)/(